
False
Suppose 4*t + 4*w - 4 = 0, 3*w + 3 = 2*t - 19. Suppose -4*q = -m - 11, 12 = t*m - 3*q - 1. Suppose z = m*z - 260. Is z prime?
False
Suppose 0 = -3*r + 6, 5*p + 5*r - 20 = 0. Suppose -1231 + 7813 = p*c. Is c a composite number?
True
Suppose 15956 = -3*q + 7*q + 4*f, -19945 = -5*q - 3*f. Is q a composite number?
False
Suppose -14*j + 3493 = -7*j. Is j a composite number?
False
Suppose v - 11 = -7. Let a be 11/(-44) - (-2073)/v. Suppose 2*s = 4*s - a. Is s a prime number?
False
Suppose 3*u + 77 = 4*o, -3*u = 2*u - 5. Suppose 0*v = -5*v + o, -5*s + 4*v = 81. Let m(i) = -i**3 - 13*i**2 - 2*i - 15. Is m(s) composite?
False
Suppose -35*q + 36067 = 12652. Is q a prime number?
False
Let g(a) = 90*a + 487. Is g(13) a composite number?
False
Let y(l) = 4*l**2 - 4 - 7 - 11*l + l**2. Is y(13) a composite number?
False
Let o = 113 + -78. Is (24/(-40))/((-1)/o) a prime number?
False
Suppose -2*a = 21 - 5. Let y(t) be the second derivative of t**5/20 + t**4 - 3*t**2/2 + t. Is y(a) prime?
False
Let q = 1803 - -248. Is q a composite number?
True
Suppose 0*d - 4*d = -16. Suppose -r + 4*g + 464 = 0, -d*r - g - 291 = -2096. Let q = -215 + r. Is q prime?
False
Let g = -207 + 456. Suppose -3*r + g = 3*q, -2*r + 0*q + 4*q = -190. Is r prime?
False
Let o(p) = -10*p**3 - 12*p**2 + 15*p + 3. Is o(-6) a prime number?
False
Let s(d) = -d**2 + d. Let m(n) be the second derivative of -n**4/4 + n**3/6 + 419*n**2/2 - 5*n. Let f(a) = m(a) - 2*s(a). Is f(0) composite?
False
Let o(d) = 23*d**2 + 17*d + 2. Let q be o(-8). Suppose 3*f - q = -2*a, 0 = 3*a - 0*f + f - 2000. Suppose -3*t - 219 = -a. Is t a composite number?
False
Let g = -34577 - -75416. Is g a prime number?
False
Suppose -6*g = -3*g. Suppose g = -l - 1, 410 = 5*t + 2*l + 3*l. Is t composite?
False
Let c(y) = -y**3 - y**2 + 73. Let a be c(0). Let k(r) = -a*r + 2 - 9*r + 52*r - 89*r. Is k(-3) prime?
True
Let k = 25 - 22. Suppose 0*j - k*c = 3*j - 372, 5*j - c - 638 = 0. Is j prime?
True
Let i be -3 + (-21)/(-3) - 5. Is (-3686)/(-6) - ((-2)/6)/i a composite number?
True
Let a = 8793 + -3574. Is a a composite number?
True
Suppose 0 = 4*z - 0*y + 3*y + 5, -2*z - 2*y = 0. Is (2 + 0)*((-22485)/(-10) - z) a prime number?
True
Suppose 0*n = -3*n + 9. Suppose -2*g - 1 - 18 = -n*o, 0 = 4*o + g - 7. Suppose -l + 0*y = 2*y - 13, 0 = l + o*y - 10. Is l composite?
False
Suppose -2*r = -3*r + 7. Let k(w) = 20*w - 13. Is k(r) a composite number?
False
Let v(w) = 2*w**2 - 3*w - 6. Let a(z) = 3*z**2 - 6*z - 11. Let r(b) = -4*a(b) + 7*v(b). Let n = -6 - -10. Is r(n) prime?
False
Let g(v) = 72*v**2 - 8*v + 4. Let k be g(7). Is (k/8 + 5)/(2/4) composite?
True
Let h be 7/7 + 2/1. Suppose 0 = -h*i - 0*i + 669. Is i composite?
False
Let a = 25 + -20. Suppose y + 5*f = -262, 0*y - a*y + 2*f = 1202. Let s = 15 - y. Is s a prime number?
True
Suppose 3*g = -15, 5*y - 3375 = 12*g - 10*g. Is y composite?
False
Is 1*135398/(-3)*(-684)/456 prime?
True
Let m be 10*1/(-2) - -2. Let k be 1*2/m*-6. Suppose 3*v - 151 = 4*j - 429, v = k*j - 282. Is j prime?
True
Suppose -3*z = 2*s - 477, 0*z + 236 = s - z. Suppose -w = -0*w - s. Is w a composite number?
True
Let c be 1/(-7) - (-768911)/(-77). Let b = 15187 + c. Is b prime?
False
Suppose 30*j = 20*j + 589370. Is j composite?
False
Suppose -3 = 4*z + k + 2*k, -3*k = 3. Suppose -2*v + 1527 = -0*v - y, -4*v - 3*y + 3079 = z. Is v a prime number?
False
Suppose -7*m + 3*m = -2*l - 6, 0 = -4*m + l + 7. Let w(c) = 11*c**2 + 12*c - 3. Let f(i) = -i - 1. Let h(o) = m*f(o) + w(o). Is h(10) prime?
False
Let c be 8/14 - (-144615)/21. Let h = 9826 - c. Is h a prime number?
True
Let y(f) be the third derivative of -22*f**6/15 + f**5/60 + f**4/12 + f**3/3 + 3*f**2. Is y(-1) composite?
True
Let i = -8 - -6. Suppose 0 = -x - 2 + 3. Is (-11)/i*(x + 9) prime?
False
Is ((-5578)/(-10))/((-28)/(-140)) a composite number?
False
Let x be (-7 + 7)*-1*1. Suppose x = -u + 5, o + 4*u = -0*u + 2039. Is o prime?
False
Let a(g) = -1037*g - 70. Is a(-3) composite?
False
Suppose 3*d + 2*l - 17871 = -4091, 5*d - 22969 = -l. Is d a prime number?
False
Suppose 0*f - 3*j + 8340 = 3*f, 13891 = 5*f + 2*j. Is f a composite number?
False
Let g = 78 + -227. Let u = 14 - g. Is u a composite number?
False
Suppose -5*v + 243 + 802 = 0. Let z(f) = 0 - 5 - v*f + 2 + 5. Is z(-1) composite?
False
Suppose -2722*s + 328254 = -2716*s. Is s a composite number?
False
Let u(y) = 10 - 20 + 2*y - 3*y. Let a be u(0). Let j(h) = 2*h**2 - 14*h - 9. Is j(a) composite?
False
Let d be 0 - ((-2628)/15)/((-4)/(-20)). Suppose -3*l = 5*k - 3769, 4*k + 5*l - 2134 = d. Is k prime?
False
Let i be (-4)/8*2 + 3 - -3. Let p(v) = -5*v**3 - v**2 + v + 1. Let b be p(-1). Suppose -b*o + r - 6*r + 1417 = 0, 0 = -i*o - r + 1766. Is o a prime number?
True
Suppose -13*s = -344809 - 189738. Is s composite?
True
Let m = 96854 - 63477. Is m a composite number?
False
Suppose -w = 5*z - 224, 0 = -2*z + z - 5*w + 40. Suppose -41*a - 7948 = -z*a. Is a prime?
True
Suppose -2*l + 91562 = -10*a + 14*a, -l = 3*a - 68670. Is a a composite number?
True
Is (4/(-6))/((-12)/94518) prime?
False
Suppose 42*o = 48*o - 12. Let q be (-113)/3 - 1/3. Is (q/o)/(-3 - -2) prime?
True
Let a(p) = -p**3 + 8*p**2 - 7*p. Let i be a(7). Let w be -34 - -29 - (-8 + 1). Suppose -5*s - 3*b = -86, -b - 41 = -w*s - i*s. Is s a prime number?
True
Let y = 178 + -259. Let j = y + 934. Is j composite?
False
Let s be (-4)/(-16)*37*4. Let t = s - 55. Let v = t + 39. Is v a prime number?
False
Suppose -10*s + 21*s = 14707. Is s composite?
True
Let w(p) = -p**3 + 3*p**2 + p + 3. Let v(x) = 0*x - 8 + 6 - x**3 - 4*x**2 - 3*x + 5. Let i be v(-3). Is w(i) composite?
True
Let i be -6 + (-107)/(-6) + (-1)/(-6). Suppose -i*c - 1732 = -8416. Is c a composite number?
False
Let o(r) = 5345 + 4*r - 3*r + r + 0*r. Is o(0) prime?
False
Suppose -859 = -2*u + 3*u. Let c = u + 1970. Is c composite?
True
Let u = 2 - 3. Let v(w) = -37*w + 1474 - 1474. Is v(u) a prime number?
True
Suppose -12998 = -4*o + 2*m - 0*m, -5*m = o - 3222. Is o composite?
True
Let c = 121 + 2812. Is c a prime number?
False
Suppose -3*q = -2*i + q + 288, -2*i - 2*q + 318 = 0. Is (i/4)/(4/8) composite?
True
Suppose -31*z + 3855555 = 14*z. Is z prime?
False
Let w(b) = -26*b + 1. Suppose 18 = -4*u + 2*u. Let k be w(u). Suppose 5*z = 2*z - 3*r + 156, -4*z + 5*r + k = 0. Is z prime?
False
Suppose -3*l + 180 = -5*s + s, -4*l = 5*s - 209. Let t = -17 + l. Is t composite?
True
Is 1/3 - (-1 + (-562)/6) prime?
False
Let z = 6450 - -7681. Is z a prime number?
False
Suppose -d + 3*z - 745 = 0, -5*d - 3810 = -0*d + 2*z. Let n = -6 + 4. Is d/(-3) - n/(-6) a composite number?
True
Let z be (-3 + 5)/((-5)/95). Is (-19)/z - (-421)/2 prime?
True
Let j be (3/4)/((-2)/(-18680)). Suppose -5*k + x = -j - 6275, 4*k = x + 10623. Suppose 7*a - 1214 - k = 0. Is a a prime number?
False
Let c(a) = 12*a + 1. Let n be c(3). Suppose -b + 1 = 0, -n + 915 = 3*w - b. Is w prime?
True
Is -4*((-4)/34 - (-9740766)/(-2856)) a composite number?
True
Let b(t) = 43*t**2 - 6*t - 5. Let w(p) = -p**2 - 3*p - 2. Let m be w(-3). Is b(m) prime?
True
Let c = 2441 + -108. Is c composite?
False
Let u(f) = -80*f + 7. Is u(-11) a composite number?
False
Let s be (-2 - -2) + 4 - 4. Suppose -2*g - 4 = 0, -4*f + s*g + 770 = 3*g. Is f a prime number?
False
Suppose 37*u - 169078 = -63147. Is u a composite number?
True
Suppose 345 = 4*c - 9*c. Let q = c - -196. Is q a composite number?
False
Let u = 2853 + -104. Is u prime?
True
Let v(j) = -72*j**3 + 4*j**2 - 9*j - 23. Is v(-6) a prime number?
True
Let m be ((-8)/(-3) - 1)/(77/(-231)). Is m/(20/(-766)) + 2/(-4) composite?
False
Suppose -h + 31 - 11 = 0. Suppose -8*g + h = -4*g. Is 40 - (g + (1 - 3)) composite?
False
Suppose -a - 3*g = 6, -5*a - 2*g = -g - 12. Suppose -5*f + 377 = 4*n, 4*f - 4*n = -a*n + 310. Is f a composite number?
True
Let g = 72 + -10. Let k = g + -43. Is k a prime number?
True
Let r(y) = -122*y + 1. Let d be 47/(-9) - 2/(-9). Is r(d) a prime number?
False
Let w(h) = h**3 + 4*h**2 + 1. Let s be w(-4). Let g be ((-4)/7)/((-6)/21). Is (s - g) + 77 + -5 a prime number?
True
Suppose -6892 = -2*m + 2*g, -m + 2*g = 2*m - 10334. Is m composite?
True
Is (97212 + (0 - -1))/((-10)/(-10)) a composite number?
False
Let l(r) = 15*r**3 + 3*r**2 - 13*r + 81. Is l(